185.177.72.236 - - [07/Aug/2025:15:36:15 -0400] "GET /__tests__/test-become/.env HTTP/1.1" 403 199 "-" "Mozilla/5.0 (Windows NT 10.0; Win64; x64) AppleWebKit/537.36 (KHTML, like Gecko) Chrome/91.0.4472.124 Safari/537.36"
185.177.72.236 - - [07/Aug/2025:15:36:15 -0400] "GET /_phpinfo.php HTTP/1.1" 404 7414 "-" "Mozilla/5.0 (Windows NT 10.0; Win64; x64) AppleWebKit/537.36 (KHTML, like Gecko) Chrome/91.0.4472.124 Safari/537.36"
185.177.72.236 - - [07/Aug/2025:15:36:16 -0400] "GET /_profiler/phpinfo HTTP/1.1" 404 7456 "-" "Mozilla/5.0 (Windows NT 10.0; Win64; x64) AppleWebKit/537.36 (KHTML, like Gecko) Chrome/91.0.4472.124 Safari/537.36"
185.177.72.236 - - [07/Aug/2025:15:36:16 -0400] "GET /_profiler/phpinfo.php HTTP/1.1" 404 7449 "-" "Mozilla/5.0 (Windows NT 10.0; Win64; x64) AppleWebKit/537.36 (KHTML, like Gecko) Chrome/91.0.4472.124 Safari/537.36"
185.177.72.236 - - [07/Aug/2025:15:36:24 -0400] "GET /_profiler/phpinfo/info.php HTTP/1.1" 404 7488 "-" "Mozilla/5.0 (Windows NT 10.0; Win64; x64) AppleWebKit/537.36 (KHTML, like Gecko) Chrome/91.0.4472.124 Safari/537.36"
185.177.72.236 - - [07/Aug/2025:15:36:24 -0400] "GET /_profiler/phpinfo/phpinfo.php HTTP/1.1" 404 7444 "-" "Mozilla/5.0 (Windows NT 10.0; Win64; x64) AppleWebKit/537.36 (KHTML, like Gecko) Chrome/91.0.4472.124 Safari/537.36"
185.177.72.236 - - [07/Aug/2025:15:36:24 -0400] "GET /access.log HTTP/1.1" 403 199 "-" "Mozilla/5.0 (Windows NT 10.0; Win64; x64) AppleWebKit/537.36 (KHTML, like Gecko) Chrome/91.0.4472.124 Safari/537.36"
185.177.72.236 - - [07/Aug/2025:15:36:25 -0400] "GET /actuator/env HTTP/1.1" 404 7456 "-" "Mozilla/5.0 (Windows NT 10.0; Win64; x64) AppleWebKit/537.36 (KHTML, like Gecko) Chrome/91.0.4472.124 Safari/537.36"
185.177.72.236 - - [07/Aug/2025:15:36:25 -0400] "GET /actuator/health HTTP/1.1" 404 7414 "-" "Mozilla/5.0 (Windows NT 10.0; Win64; x64) AppleWebKit/537.36 (KHTML, like Gecko) Chrome/91.0.4472.124 Safari/537.36"
185.177.72.236 - - [07/Aug/2025:15:36:25 -0400] "GET /admin HTTP/1.1" 302 5 "-" "Mozilla/5.0 (Windows NT 10.0; Win64; x64) AppleWebKit/537.36 (KHTML, like Gecko) Chrome/91.0.4472.124 Safari/537.36"
154.28.229.2 - - [07/Aug/2025:17:03:47 -0400] "GET / HTTP/1.1" 200 10774 "-" "Mozilla/5.0 (Macintosh; Intel Mac OS X 10_15_7) AppleWebKit/537.36 (KHTML, like Gecko) Chrome/116.0.0.0 Safari/537.36"
154.28.229.2 - - [07/Aug/2025:17:06:09 -0400] "GET / HTTP/1.1" 200 10754 "-" "Mozilla/5.0 (Windows NT 10.0; Win64; x64) AppleWebKit/537.36 (KHTML, like Gecko) Chrome/116.0.0.0 Safari/537.36"
107.172.195.96 - - [07/Aug/2025:17:06:09 -0400] "GET / HTTP/1.1" 200 10754 "-" "Mozilla/5.0 (Macintosh; Intel Mac OS X 10_15_7) AppleWebKit/537.36 (KHTML, like Gecko) Chrome/117.0.0.0 Safari/537.36"
154.28.229.2 - - [07/Aug/2025:17:06:13 -0400] "GET /http%3A/gmpg.org/xfn/11 HTTP/1.1" 404 7498 "-" "Mozilla/5.0 (Windows NT 10.0; Win64; x64) AppleWebKit/537.36 (KHTML, like Gecko) Chrome/116.0.0.0 Safari/537.36"
154.28.229.2 - - [07/Aug/2025:17:06:13 -0400] "GET /https%3A/allabout-casino.com/wp-content/plugins/easy-custom-auto-excerpt/assets/style-frontend.css%3Fver%3D2.5.0 HTTP/1.1" 404 7482 "-" "Mozilla/5.0 (Windows NT 10.0; Win64; x64) AppleWebKit/537.36 (KHTML, like Gecko) Chrome/116.0.0.0 Safari/537.36"
107.172.195.96 - - [07/Aug/2025:17:06:14 -0400] "GET /http%3A/gmpg.org/xfn/11 HTTP/1.1" 404 7479 "-" "Mozilla/5.0 (Macintosh; Intel Mac OS X 10_15_7) AppleWebKit/537.36 (KHTML, like Gecko) Chrome/117.0.0.0 Safari/537.36"
154.28.229.2 - - [07/Aug/2025:17:06:14 -0400] "GET /https%3A/www.salesforce.com/se/blog/2021/07/vad-ar-blockkedjeteknik-och-hur-fungerar-det.html HTTP/1.1" 404 7411 "-" "Mozilla/5.0 (Windows NT 10.0; Win64; x64) AppleWebKit/537.36 (KHTML, like Gecko) Chrome/116.0.0.0 Safari/537.36"
154.28.229.2 - - [07/Aug/2025:17:06:14 -0400] "GET /https%3A/allabout-casino.com/wp-includes/css/dist/block-library/style.min.css%3Fver%3D6.3.6 HTTP/1.1" 404 7437 "-" "Mozilla/5.0 (Windows NT 10.0; Win64; x64) AppleWebKit/537.36 (KHTML, like Gecko) Chrome/116.0.0.0 Safari/537.36"
154.28.229.2 - - [07/Aug/2025:17:06:14 -0400] "GET /https%3A/allabout-casino.com/feed/ HTTP/1.1" 403 179 "-" "Mozilla/5.0 (Windows NT 10.0; Win64; x64) AppleWebKit/537.36 (KHTML, like Gecko) Chrome/116.0.0.0 Safari/537.36"
154.28.229.2 - - [07/Aug/2025:17:06:14 -0400] "GET /https%3A/allabout-casino.com/wp-content/themes/hestia/assets/bootstrap/css/bootstrap.min.css%3Fver%3D1.0.2 HTTP/1.1" 404 7482 "-" "Mozilla/5.0 (Windows NT 10.0; Win64; x64) AppleWebKit/537.36 (KHTML, like Gecko) Chrome/116.0.0.0 Safari/537.36"
154.28.229.2 - - [07/Aug/2025:17:06:14 -0400] "GET /https%3A/allabout-casino.com/wp-content/themes/hestia/assets/css/font-sizes.min.css%3Fver%3D3.3.1 HTTP/1.1" 404 7482 "-" "Mozilla/5.0 (Windows NT 10.0; Win64; x64) AppleWebKit/537.36 (KHTML, like Gecko) Chrome/116.0.0.0 Safari/537.36"
154.28.229.2 - - [07/Aug/2025:17:06:15 -0400] "GET /https%3A/fonts.googleapis.com/css%3Ffamily%3DRoboto%3A300%2C400%2C500%2C700%7CRoboto%2BSlab%3A400%2C700%26subset%3Dlatin%2Clatin-ext%26ver%3D3.3.1 HTTP/1.1" 404 7437 "-" "Mozilla/5.0 (Windows NT 10.0; Win64; x64) AppleWebKit/537.36 (KHTML, like Gecko) Chrome/116.0.0.0 Safari/537.36"
154.28.229.2 - - [07/Aug/2025:17:06:15 -0400] "GET /https%3A/allabout-casino.com/wp-json/ HTTP/1.1" 404 7437 "-" "Mozilla/5.0 (Windows NT 10.0; Win64; x64) AppleWebKit/537.36 (KHTML, like Gecko) Chrome/116.0.0.0 Safari/537.36"
107.172.195.96 - - [07/Aug/2025:17:06:15 -0400] "GET /https%3A/allabout-casino.com/ HTTP/1.1" 404 7384 "-" "Mozilla/5.0 (Macintosh; Intel Mac OS X 10_15_7) AppleWebKit/537.36 (KHTML, like Gecko) Chrome/117.0.0.0 Safari/537.36"
154.28.229.2 - - [07/Aug/2025:17:06:15 -0400] "GET /https%3A/allabout-casino.com/wp-content/themes/hestia/style.min.css%3Fver%3D3.3.1 HTTP/1.1" 404 7424 "-" "Mozilla/5.0 (Windows NT 10.0; Win64; x64) AppleWebKit/537.36 (KHTML, like Gecko) Chrome/116.0.0.0 Safari/537.36"
154.28.229.2 - - [07/Aug/2025:17:06:16 -0400] "GET /https%3A/allabout-casino.com/xmlrpc.php%3Frsd HTTP/1.1" 404 7437 "-" "Mozilla/5.0 (Windows NT 10.0; Win64; x64) AppleWebKit/537.36 (KHTML, like Gecko) Chrome/116.0.0.0 Safari/537.36"
154.28.229.2 - - [07/Aug/2025:17:06:16 -0400] "GET /https%3A/allabout-casino.com/ HTTP/1.1" 404 7409 "-" "Mozilla/5.0 (Windows NT 10.0; Win64; x64) AppleWebKit/537.36 (KHTML, like Gecko) Chrome/116.0.0.0 Safari/537.36"
154.28.229.2 - - [07/Aug/2025:17:06:16 -0400] "GET /https%3A/allabout-casino.com/fordelar-med-att-anvanda-kryptovalutor-pa-casinon/ HTTP/1.1" 404 7437 "-" "Mozilla/5.0 (Windows NT 10.0; Win64; x64) AppleWebKit/537.36 (KHTML, like Gecko) Chrome/116.0.0.0 Safari/537.36"
107.172.195.96 - - [07/Aug/2025:17:06:17 -0400] "GET /https%3A/allabout-casino.com/wp-includes/css/dist/block-library/style.min.css%3Fver%3D6.3.6 HTTP/1.1" 404 7482 "-" "Mozilla/5.0 (Macintosh; Intel Mac OS X 10_15_7) AppleWebKit/537.36 (KHTML, like Gecko) Chrome/117.0.0.0 Safari/537.36"
154.28.229.2 - - [07/Aug/2025:17:06:17 -0400] "GET /https%3A/allabout-casino.com/category/krypto/ HTTP/1.1" 404 7482 "-" "Mozilla/5.0 (Windows NT 10.0; Win64; x64) AppleWebKit/537.36 (KHTML, like Gecko) Chrome/116.0.0.0 Safari/537.36"
107.172.195.96 - - [07/Aug/2025:17:06:17 -0400] "GET /https%3A/allabout-casino.com/feed/ HTTP/1.1" 403 179 "-" "Mozilla/5.0 (Macintosh; Intel Mac OS X 10_15_7) AppleWebKit/537.36 (KHTML, like Gecko) Chrome/117.0.0.0 Safari/537.36"
154.28.229.2 - - [07/Aug/2025:17:06:17 -0400] "GET /https%3A/sv.wikipedia.org/wiki/Kryptovaluta HTTP/1.1" 404 7450 "-" "Mozilla/5.0 (Windows NT 10.0; Win64; x64) AppleWebKit/537.36 (KHTML, like Gecko) Chrome/116.0.0.0 Safari/537.36"
107.172.195.96 - - [07/Aug/2025:17:06:17 -0400] "GET /https%3A/allabout-casino.com/wp-content/themes/hestia/assets/bootstrap/css/bootstrap.min.css%3Fver%3D1.0.2 HTTP/1.1" 404 7437 "-" "Mozilla/5.0 (Macintosh; Intel Mac OS X 10_15_7) AppleWebKit/537.36 (KHTML, like Gecko) Chrome/117.0.0.0 Safari/537.36"
154.28.229.2 - - [07/Aug/2025:17:06:17 -0400] "GET /https%3A/allabout-casino.com/author/allabout-casino/ HTTP/1.1" 404 7437 "-" "Mozilla/5.0 (Windows NT 10.0; Win64; x64) AppleWebKit/537.36 (KHTML, like Gecko) Chrome/116.0.0.0 Safari/537.36"
107.172.195.96 - - [07/Aug/2025:17:06:17 -0400] "GET /https%3A/allabout-casino.com/wp-content/plugins/easy-custom-auto-excerpt/buttons/ecae-buttonskin-none.css%3Fver%3D2.5.0 HTTP/1.1" 404 7437 "-" "Mozilla/5.0 (Macintosh; Intel Mac OS X 10_15_7) AppleWebKit/537.36 (KHTML, like Gecko) Chrome/117.0.0.0 Safari/537.36"
154.28.229.2 - - [07/Aug/2025:17:06:17 -0400] "GET /https%3A/allabout-casino.com/casino-online-i-sverige-eller-utomlands/ HTTP/1.1" 404 7482 "-" "Mozilla/5.0 (Windows NT 10.0; Win64; x64) AppleWebKit/537.36 (KHTML, like Gecko) Chrome/116.0.0.0 Safari/537.36"
154.28.229.2 - - [07/Aug/2025:17:06:17 -0400] "GET /https%3A/allabout-casino.com/category/spelutbud/ HTTP/1.1" 404 7437 "-" "Mozilla/5.0 (Windows NT 10.0; Win64; x64) AppleWebKit/537.36 (KHTML, like Gecko) Chrome/116.0.0.0 Safari/537.36"
107.172.195.96 - - [07/Aug/2025:17:06:17 -0400] "GET /https%3A/allabout-casino.com/wp-content/themes/hestia/assets/css/font-sizes.min.css%3Fver%3D3.3.1 HTTP/1.1" 404 7437 "-" "Mozilla/5.0 (Macintosh; Intel Mac OS X 10_15_7) AppleWebKit/537.36 (KHTML, like Gecko) Chrome/117.0.0.0 Safari/537.36"
154.28.229.2 - - [07/Aug/2025:17:06:17 -0400] "GET /https%3A/allabout-casino.com/3-anledningar-till-att-overvaga-kryptovalutor-pa-casinon/ HTTP/1.1" 404 7437 "-" "Mozilla/5.0 (Windows NT 10.0; Win64; x64) AppleWebKit/537.36 (KHTML, like Gecko) Chrome/116.0.0.0 Safari/537.36"
154.28.229.2 - - [07/Aug/2025:17:06:17 -0400] "GET /https%3A/allabout-casino.com/wp-content/plugins/easy-custom-auto-excerpt/buttons/ecae-buttonskin-none.css%3Fver%3D2.5.0 HTTP/1.1" 404 7479 "-" "Mozilla/5.0 (Windows NT 10.0; Win64; x64) AppleWebKit/537.36 (KHTML, like Gecko) Chrome/116.0.0.0 Safari/537.36"
154.28.229.2 - - [07/Aug/2025:17:06:17 -0400] "GET /https%3A/se.investing.com/crypto/currencies HTTP/1.1" 404 7437 "-" "Mozilla/5.0 (Windows NT 10.0; Win64; x64) AppleWebKit/537.36 (KHTML, like Gecko) Chrome/116.0.0.0 Safari/537.36"
107.172.195.96 - - [07/Aug/2025:17:06:17 -0400] "GET /https%3A/allabout-casino.com/wp-content/themes/hestia/style.min.css%3Fver%3D3.3.1 HTTP/1.1" 404 7437 "-" "Mozilla/5.0 (Macintosh; Intel Mac OS X 10_15_7) AppleWebKit/537.36 (KHTML, like Gecko) Chrome/117.0.0.0 Safari/537.36"
154.28.229.2 - - [07/Aug/2025:17:06:17 -0400] "GET /https%3A/www.spelinspektionen.se/fragor--svar/ny-licensmarknad-2019/ HTTP/1.1" 404 7411 "-" "Mozilla/5.0 (Windows NT 10.0; Win64; x64) AppleWebKit/537.36 (KHTML, like Gecko) Chrome/116.0.0.0 Safari/537.36"
107.172.195.96 - - [07/Aug/2025:17:06:17 -0400] "GET /https%3A/fonts.googleapis.com/css%3Ffamily%3DRoboto%3A300%2C400%2C500%2C700%7CRoboto%2BSlab%3A400%2C700%26subset%3Dlatin%2Clatin-ext%26ver%3D3.3.1 HTTP/1.1" 404 7437 "-" "Mozilla/5.0 (Macintosh; Intel Mac OS X 10_15_7) AppleWebKit/537.36 (KHTML, like Gecko) Chrome/117.0.0.0 Safari/537.36"
107.172.195.96 - - [07/Aug/2025:17:06:17 -0400] "GET /https%3A/allabout-casino.com/wp-json/ HTTP/1.1" 404 7437 "-" "Mozilla/5.0 (Macintosh; Intel Mac OS X 10_15_7) AppleWebKit/537.36 (KHTML, like Gecko) Chrome/117.0.0.0 Safari/537.36"
154.28.229.2 - - [07/Aug/2025:17:06:17 -0400] "GET /https%3A/www.spelinspektionen.se/lagar--forordningar/beslut/ HTTP/1.1" 404 7437 "-" "Mozilla/5.0 (Windows NT 10.0; Win64; x64) AppleWebKit/537.36 (KHTML, like Gecko) Chrome/116.0.0.0 Safari/537.36"
107.172.195.96 - - [07/Aug/2025:17:06:17 -0400] "GET /https%3A/allabout-casino.com/xmlrpc.php%3Frsd HTTP/1.1" 404 7437 "-" "Mozilla/5.0 (Macintosh; Intel Mac OS X 10_15_7) AppleWebKit/537.36 (KHTML, like Gecko) Chrome/117.0.0.0 Safari/537.36"
107.172.195.96 - - [07/Aug/2025:17:06:18 -0400] "GET /https%3A/allabout-casino.com/author/allabout-casino/ HTTP/1.1" 404 7411 "-" "Mozilla/5.0 (Macintosh; Intel Mac OS X 10_15_7) AppleWebKit/537.36 (KHTML, like Gecko) Chrome/117.0.0.0 Safari/537.36"
107.172.195.96 - - [07/Aug/2025:17:06:18 -0400] "GET /https%3A/allabout-casino.com/wp-content/plugins/easy-custom-auto-excerpt/assets/style-frontend.css%3Fver%3D2.5.0 HTTP/1.1" 404 7437 "-" "Mozilla/5.0 (Macintosh; Intel Mac OS X 10_15_7) AppleWebKit/537.36 (KHTML, like Gecko) Chrome/117.0.0.0 Safari/537.36"
107.172.195.96 - - [07/Aug/2025:17:06:18 -0400] "GET /https%3A/se.investing.com/crypto/currencies HTTP/1.1" 404 7482 "-" "Mozilla/5.0 (Macintosh; Intel Mac OS X 10_15_7) AppleWebKit/537.36 (KHTML, like Gecko) Chrome/117.0.0.0 Safari/537.36"
154.28.229.2 - - [07/Aug/2025:17:06:18 -0400] "GET /https%3A/web.archive.org/web/20230321144943/https%3A/www.svenskfotboll.se/landslag/herr/ HTTP/1.1" 404 7437 "-" "Mozilla/5.0 (Windows NT 10.0; Win64; x64) AppleWebKit/537.36 (KHTML, like Gecko) Chrome/116.0.0.0 Safari/537.36"
107.172.195.96 - - [07/Aug/2025:17:06:18 -0400] "GET /https%3A/www.salesforce.com/se/blog/2021/07/vad-ar-blockkedjeteknik-och-hur-fungerar-det.html HTTP/1.1" 404 7479 "-" "Mozilla/5.0 (Macintosh; Intel Mac OS X 10_15_7) AppleWebKit/537.36 (KHTML, like Gecko) Chrome/117.0.0.0 Safari/537.36"
107.172.195.96 - - [07/Aug/2025:17:06:18 -0400] "GET /https%3A/web.archive.org/web/20230321144943/https%3A/www.svenskfotboll.se/landslag/herr/ HTTP/1.1" 404 7437 "-" "Mozilla/5.0 (Macintosh; Intel Mac OS X 10_15_7) AppleWebKit/537.36 (KHTML, like Gecko) Chrome/117.0.0.0 Safari/537.36"
107.172.195.96 - - [07/Aug/2025:17:06:18 -0400] "GET /https%3A/skatteverket.se/privat/skatter/vardepapper/andratillgangar/kryptovalutor.4.15532c7b1442f256bae11b60.html HTTP/1.1" 404 7411 "-" "Mozilla/5.0 (Macintosh; Intel Mac OS X 10_15_7) AppleWebKit/537.36 (KHTML, like Gecko) Chrome/117.0.0.0 Safari/537.36"
107.172.195.96 - - [07/Aug/2025:17:06:18 -0400] "GET /https%3A/allabout-casino.com/category/spelutbud/ HTTP/1.1" 404 7437 "-" "Mozilla/5.0 (Macintosh; Intel Mac OS X 10_15_7) AppleWebKit/537.36 (KHTML, like Gecko) Chrome/117.0.0.0 Safari/537.36"
107.172.195.96 - - [07/Aug/2025:17:06:18 -0400] "GET /https%3A/allabout-casino.com/casino-online-i-sverige-eller-utomlands/ HTTP/1.1" 404 7437 "-" "Mozilla/5.0 (Macintosh; Intel Mac OS X 10_15_7) AppleWebKit/537.36 (KHTML, like Gecko) Chrome/117.0.0.0 Safari/537.36"
107.172.195.96 - - [07/Aug/2025:17:06:18 -0400] "GET /https%3A/sv.wikipedia.org/wiki/Kryptovaluta HTTP/1.1" 404 7482 "-" "Mozilla/5.0 (Macintosh; Intel Mac OS X 10_15_7) AppleWebKit/537.36 (KHTML, like Gecko) Chrome/117.0.0.0 Safari/537.36"
107.172.195.96 - - [07/Aug/2025:17:06:18 -0400] "GET /https%3A/allabout-casino.com/3-anledningar-till-att-overvaga-kryptovalutor-pa-casinon/ HTTP/1.1" 404 7437 "-" "Mozilla/5.0 (Macintosh; Intel Mac OS X 10_15_7) AppleWebKit/537.36 (KHTML, like Gecko) Chrome/117.0.0.0 Safari/537.36"
107.172.195.96 - - [07/Aug/2025:17:06:18 -0400] "GET /https%3A/www.spelinspektionen.se/lagar--forordningar/beslut/ HTTP/1.1" 404 7437 "-" "Mozilla/5.0 (Macintosh; Intel Mac OS X 10_15_7) AppleWebKit/537.36 (KHTML, like Gecko) Chrome/117.0.0.0 Safari/537.36"
107.172.195.96 - - [07/Aug/2025:17:06:18 -0400] "GET /https%3A/www.spelinspektionen.se/fragor--svar/ny-licensmarknad-2019/ HTTP/1.1" 404 7526 "-" "Mozilla/5.0 (Macintosh; Intel Mac OS X 10_15_7) AppleWebKit/537.36 (KHTML, like Gecko) Chrome/117.0.0.0 Safari/537.36"
154.28.229.2 - - [07/Aug/2025:17:06:18 -0400] "GET /https%3A/skatteverket.se/privat/skatter/vardepapper/andratillgangar/kryptovalutor.4.15532c7b1442f256bae11b60.html HTTP/1.1" 404 7482 "-" "Mozilla/5.0 (Windows NT 10.0; Win64; x64) AppleWebKit/537.36 (KHTML, like Gecko) Chrome/116.0.0.0 Safari/537.36"
107.172.195.96 - - [07/Aug/2025:17:06:18 -0400] "GET /https%3A/allabout-casino.com/category/krypto/ HTTP/1.1" 404 7437 "-" "Mozilla/5.0 (Macintosh; Intel Mac OS X 10_15_7) AppleWebKit/537.36 (KHTML, like Gecko) Chrome/117.0.0.0 Safari/537.36"
107.172.195.96 - - [07/Aug/2025:17:06:18 -0400] "GET /https%3A/allabout-casino.com/fordelar-med-att-anvanda-kryptovalutor-pa-casinon/ HTTP/1.1" 404 7437 "-" "Mozilla/5.0 (Macintosh; Intel Mac OS X 10_15_7) AppleWebKit/537.36 (KHTML, like Gecko) Chrome/117.0.0.0 Safari/537.36"
154.28.229.2 - - [07/Aug/2025:17:06:18 -0400] "GET /http%3A/gmpg.org/xfn/https%3A/allabout-casino.com/xmlrpc.php%3Frsd HTTP/1.1" 404 7458 "-" "Mozilla/5.0 (Windows NT 10.0; Win64; x64) AppleWebKit/537.36 (KHTML, like Gecko) Chrome/116.0.0.0 Safari/537.36"
154.28.229.2 - - [07/Aug/2025:17:06:18 -0400] "GET /http%3A/gmpg.org/xfn/http%3A/gmpg.org/xfn/11 HTTP/1.1" 404 7482 "-" "Mozilla/5.0 (Windows NT 10.0; Win64; x64) AppleWebKit/537.36 (KHTML, like Gecko) Chrome/116.0.0.0 Safari/537.36"
154.28.229.2 - - [07/Aug/2025:17:06:19 -0400] "GET /http%3A/gmpg.org/xfn/https%3A/allabout-casino.com/wp-includes/css/dist/block-library/style.min.css%3Fver%3D6.3.6 HTTP/1.1" 404 7437 "-" "Mozilla/5.0 (Windows NT 10.0; Win64; x64) AppleWebKit/537.36 (KHTML, like Gecko) Chrome/116.0.0.0 Safari/537.36"
154.28.229.2 - - [07/Aug/2025:17:06:19 -0400] "GET /http%3A/gmpg.org/xfn/https%3A/allabout-casino.com/fordelar-med-att-anvanda-kryptovalutor-pa-casinon/ HTTP/1.1" 404 7437 "-" "Mozilla/5.0 (Windows NT 10.0; Win64; x64) AppleWebKit/537.36 (KHTML, like Gecko) Chrome/116.0.0.0 Safari/537.36"
107.172.195.96 - - [07/Aug/2025:17:06:19 -0400] "GET /http%3A/gmpg.org/xfn/https%3A/allabout-casino.com/wp-content/themes/hestia/assets/css/font-sizes.min.css%3Fver%3D3.3.1 HTTP/1.1" 404 7479 "-" "Mozilla/5.0 (Macintosh; Intel Mac OS X 10_15_7) AppleWebKit/537.36 (KHTML, like Gecko) Chrome/117.0.0.0 Safari/537.36"
154.28.229.2 - - [07/Aug/2025:17:06:19 -0400] "GET /http%3A/gmpg.org/xfn/https%3A/allabout-casino.com/casino-online-i-sverige-eller-utomlands/ HTTP/1.1" 404 7437 "-" "Mozilla/5.0 (Windows NT 10.0; Win64; x64) AppleWebKit/537.36 (KHTML, like Gecko) Chrome/116.0.0.0 Safari/537.36"
154.28.229.2 - - [07/Aug/2025:17:06:20 -0400] "GET /http%3A/gmpg.org/xfn/https%3A/allabout-casino.com/feed/ HTTP/1.1" 404 7437 "-" "Mozilla/5.0 (Windows NT 10.0; Win64; x64) AppleWebKit/537.36 (KHTML, like Gecko) Chrome/116.0.0.0 Safari/537.36"
107.172.195.96 - - [07/Aug/2025:17:06:20 -0400] "GET /http%3A/gmpg.org/xfn/https%3A/fonts.googleapis.com/css%3Ffamily%3DRoboto%3A300%2C400%2C500%2C700%7CRoboto%2BSlab%3A400%2C700%26subset%3Dlatin%2Clatin-ext%26ver%3D3.3.1 HTTP/1.1" 404 7437 "-" "Mozilla/5.0 (Macintosh; Intel Mac OS X 10_15_7) AppleWebKit/537.36 (KHTML, like Gecko) Chrome/117.0.0.0 Safari/537.36"
154.28.229.2 - - [07/Aug/2025:17:06:20 -0400] "GET /http%3A/gmpg.org/xfn/https%3A/allabout-casino.com/wp-content/themes/hestia/assets/css/font-sizes.min.css%3Fver%3D3.3.1 HTTP/1.1" 404 7437 "-" "Mozilla/5.0 (Windows NT 10.0; Win64; x64) AppleWebKit/537.36 (KHTML, like Gecko) Chrome/116.0.0.0 Safari/537.36"
154.28.229.2 - - [07/Aug/2025:17:06:20 -0400] "GET /https%3A/allabout-casino.com/wp-content/plugins/easy-custom-auto-excerpt/assets/http%3A/gmpg.org/xfn/11 HTTP/1.1" 404 7437 "-" "Mozilla/5.0 (Windows NT 10.0; Win64; x64) AppleWebKit/537.36 (KHTML, like Gecko) Chrome/116.0.0.0 Safari/537.36"
107.172.195.96 - - [07/Aug/2025:17:06:21 -0400] "GET /http%3A/gmpg.org/xfn/https%3A/allabout-casino.com/wp-content/plugins/easy-custom-auto-excerpt/assets/style-frontend.css%3Fver%3D2.5.0 HTTP/1.1" 404 7482 "-" "Mozilla/5.0 (Macintosh; Intel Mac OS X 10_15_7) AppleWebKit/537.36 (KHTML, like Gecko) Chrome/117.0.0.0 Safari/537.36"
154.28.229.2 - - [07/Aug/2025:17:06:21 -0400] "GET /http%3A/gmpg.org/xfn/https%3A/allabout-casino.com/wp-content/themes/hestia/style.min.css%3Fver%3D3.3.1 HTTP/1.1" 404 7437 "-" "Mozilla/5.0 (Windows NT 10.0; Win64; x64) AppleWebKit/537.36 (KHTML, like Gecko) Chrome/116.0.0.0 Safari/537.36"
154.28.229.2 - - [07/Aug/2025:17:06:21 -0400] "GET /https%3A/allabout-casino.com/wp-content/plugins/easy-custom-auto-excerpt/assets/https%3A/allabout-casino.com/wp-includes/css/dist/block-library/style.min.css%3Fver%3D6.3.6 HTTP/1.1" 404 7437 "-" "Mozilla/5.0 (Windows NT 10.0; Win64; x64) AppleWebKit/537.36 (KHTML, like Gecko) Chrome/116.0.0.0 Safari/537.36"
107.172.195.96 - - [07/Aug/2025:17:06:21 -0400] "GET /http%3A/gmpg.org/xfn/http%3A/gmpg.org/xfn/11 HTTP/1.1" 404 7437 "-" "Mozilla/5.0 (Macintosh; Intel Mac OS X 10_15_7) AppleWebKit/537.36 (KHTML, like Gecko) Chrome/117.0.0.0 Safari/537.36"
154.28.229.2 - - [07/Aug/2025:17:06:21 -0400] "GET /http%3A/gmpg.org/xfn/https%3A/fonts.googleapis.com/css%3Ffamily%3DRoboto%3A300%2C400%2C500%2C700%7CRoboto%2BSlab%3A400%2C700%26subset%3Dlatin%2Clatin-ext%26ver%3D3.3.1 HTTP/1.1" 404 7482 "-" "Mozilla/5.0 (Windows NT 10.0; Win64; x64) AppleWebKit/537.36 (KHTML, like Gecko) Chrome/116.0.0.0 Safari/537.36"
107.172.195.96 - - [07/Aug/2025:17:06:21 -0400] "GET /http%3A/gmpg.org/xfn/https%3A/allabout-casino.com/feed/ HTTP/1.1" 404 7437 "-" "Mozilla/5.0 (Macintosh; Intel Mac OS X 10_15_7) AppleWebKit/537.36 (KHTML, like Gecko) Chrome/117.0.0.0 Safari/537.36"
107.172.195.96 - - [07/Aug/2025:17:06:21 -0400] "GET /http%3A/gmpg.org/xfn/https%3A/allabout-casino.com/wp-json/ HTTP/1.1" 404 7437 "-" "Mozilla/5.0 (Macintosh; Intel Mac OS X 10_15_7) AppleWebKit/537.36 (KHTML, like Gecko) Chrome/117.0.0.0 Safari/537.36"
107.172.195.96 - - [07/Aug/2025:17:06:21 -0400] "GET /http%3A/gmpg.org/xfn/https%3A/allabout-casino.com/ HTTP/1.1" 404 7437 "-" "Mozilla/5.0 (Macintosh; Intel Mac OS X 10_15_7) AppleWebKit/537.36 (KHTML, like Gecko) Chrome/117.0.0.0 Safari/537.36"
154.28.229.2 - - [07/Aug/2025:17:06:22 -0400] "GET /https%3A/allabout-casino.com/wp-content/plugins/easy-custom-auto-excerpt/assets/https%3A/allabout-casino.com/wp-content/themes/hestia/assets/css/font-sizes.min.css%3Fver%3D3.3.1 HTTP/1.1" 404 7402 "-" "Mozilla/5.0 (Windows NT 10.0; Win64; x64) AppleWebKit/537.36 (KHTML, like Gecko) Chrome/116.0.0.0 Safari/537.36"
154.28.229.2 - - [07/Aug/2025:17:06:22 -0400] "GET /http%3A/gmpg.org/xfn/https%3A/allabout-casino.com/wp-content/plugins/easy-custom-auto-excerpt/buttons/ecae-buttonskin-none.css%3Fver%3D2.5.0 HTTP/1.1" 404 7482 "-" "Mozilla/5.0 (Windows NT 10.0; Win64; x64) AppleWebKit/537.36 (KHTML, like Gecko) Chrome/116.0.0.0 Safari/537.36"
154.28.229.2 - - [07/Aug/2025:17:06:22 -0400] "GET /https%3A/allabout-casino.com/wp-content/plugins/easy-custom-auto-excerpt/assets/https%3A/fonts.googleapis.com/css%3Ffamily%3DRoboto%3A300%2C400%2C500%2C700%7CRoboto%2BSlab%3A400%2C700%26subset%3Dlatin%2Clatin-ext%26ver%3D3.3.1 HTTP/1.1" 404 7437 "-" "Mozilla/5.0 (Windows NT 10.0; Win64; x64) AppleWebKit/537.36 (KHTML, like Gecko) Chrome/116.0.0.0 Safari/537.36"
107.172.195.96 - - [07/Aug/2025:17:06:22 -0400] "GET /http%3A/gmpg.org/xfn/https%3A/allabout-casino.com/wp-includes/css/dist/block-library/style.min.css%3Fver%3D6.3.6 HTTP/1.1" 404 7482 "-" "Mozilla/5.0 (Macintosh; Intel Mac OS X 10_15_7) AppleWebKit/537.36 (KHTML, like Gecko) Chrome/117.0.0.0 Safari/537.36"
107.172.195.96 - - [07/Aug/2025:17:06:22 -0400] "GET /http%3A/gmpg.org/xfn/https%3A/allabout-casino.com/wp-content/themes/hestia/assets/bootstrap/css/bootstrap.min.css%3Fver%3D1.0.2 HTTP/1.1" 404 7482 "-" "Mozilla/5.0 (Macintosh; Intel Mac OS X 10_15_7) AppleWebKit/537.36 (KHTML, like Gecko) Chrome/117.0.0.0 Safari/537.36"
154.28.229.2 - - [07/Aug/2025:17:06:22 -0400] "GET /https%3A/allabout-casino.com/wp-content/plugins/easy-custom-auto-excerpt/assets/https%3A/allabout-casino.com/fordelar-med-att-anvanda-kryptovalutor-pa-casinon/ HTTP/1.1" 404 7437 "-" "Mozilla/5.0 (Windows NT 10.0; Win64; x64) AppleWebKit/537.36 (KHTML, like Gecko) Chrome/116.0.0.0 Safari/537.36"
154.28.229.2 - - [07/Aug/2025:17:06:22 -0400] "GET /https%3A/allabout-casino.com/wp-content/plugins/easy-custom-auto-excerpt/assets/https%3A/allabout-casino.com/xmlrpc.php%3Frsd HTTP/1.1" 404 7437 "-" "Mozilla/5.0 (Windows NT 10.0; Win64; x64) AppleWebKit/537.36 (KHTML, like Gecko) Chrome/116.0.0.0 Safari/537.36"
107.172.195.96 - - [07/Aug/2025:17:06:22 -0400] "GET /http%3A/gmpg.org/xfn/https%3A/allabout-casino.com/3-anledningar-till-att-overvaga-kryptovalutor-pa-casinon/ HTTP/1.1" 404 7437 "-" "Mozilla/5.0 (Macintosh; Intel Mac OS X 10_15_7) AppleWebKit/537.36 (KHTML, like Gecko) Chrome/117.0.0.0 Safari/537.36"
154.28.229.2 - - [07/Aug/2025:17:06:22 -0400] "GET /https%3A/allabout-casino.com/wp-content/plugins/easy-custom-auto-excerpt/assets/https%3A/allabout-casino.com/wp-content/plugins/easy-custom-auto-excerpt/buttons/ecae-buttonskin-none.css%3Fver%3D2.5.0 HTTP/1.1" 404 7437 "-" "Mozilla/5.0 (Windows NT 10.0; Win64; x64) AppleWebKit/537.36 (KHTML, like Gecko) Chrome/116.0.0.0 Safari/537.36"
154.28.229.2 - - [07/Aug/2025:17:06:22 -0400] "GET /http%3A/gmpg.org/xfn/https%3A/allabout-casino.com/wp-json/ HTTP/1.1" 404 7437 "-" "Mozilla/5.0 (Windows NT 10.0; Win64; x64) AppleWebKit/537.36 (KHTML, like Gecko) Chrome/116.0.0.0 Safari/537.36"
154.28.229.2 - - [07/Aug/2025:17:06:22 -0400] "GET /http%3A/gmpg.org/xfn/https%3A/allabout-casino.com/wp-content/themes/hestia/assets/bootstrap/css/bootstrap.min.css%3Fver%3D1.0.2 HTTP/1.1" 404 7437 "-" "Mozilla/5.0 (Windows NT 10.0; Win64; x64) AppleWebKit/537.36 (KHTML, like Gecko) Chrome/116.0.0.0 Safari/537.36"
107.172.195.96 - - [07/Aug/2025:17:06:22 -0400] "GET /http%3A/gmpg.org/xfn/https%3A/allabout-casino.com/wp-content/themes/hestia/style.min.css%3Fver%3D3.3.1 HTTP/1.1" 404 7437 "-" "Mozilla/5.0 (Macintosh; Intel Mac OS X 10_15_7) AppleWebKit/537.36 (KHTML, like Gecko) Chrome/117.0.0.0 Safari/537.36"
154.28.229.2 - - [07/Aug/2025:17:06:23 -0400] "GET /http%3A/gmpg.org/xfn/https%3A/allabout-casino.com/wp-content/plugins/easy-custom-auto-excerpt/assets/style-frontend.css%3Fver%3D2.5.0 HTTP/1.1" 404 7437 "-" "Mozilla/5.0 (Windows NT 10.0; Win64; x64) AppleWebKit/537.36 (KHTML, like Gecko) Chrome/116.0.0.0 Safari/537.36"
107.172.195.96 - - [07/Aug/2025:17:06:23 -0400] "GET /http%3A/gmpg.org/xfn/https%3A/allabout-casino.com/wp-content/plugins/easy-custom-auto-excerpt/buttons/ecae-buttonskin-none.css%3Fver%3D2.5.0 HTTP/1.1" 404 7437 "-" "Mozilla/5.0 (Macintosh; Intel Mac OS X 10_15_7) AppleWebKit/537.36 (KHTML, like Gecko) Chrome/117.0.0.0 Safari/537.36"
154.28.229.2 - - [07/Aug/2025:17:06:23 -0400] "GET /https%3A/www.salesforce.com/se/blog/2021/07/https%3A/allabout-casino.com/wp-content/themes/hestia/assets/bootstrap/css/bootstrap.min.css%3Fver%3D1.0.2 HTTP/1.1" 404 7437 "-" "Mozilla/5.0 (Windows NT 10.0; Win64; x64) AppleWebKit/537.36 (KHTML, like Gecko) Chrome/116.0.0.0 Safari/537.36"
154.28.229.2 - - [07/Aug/2025:17:06:23 -0400] "GET /https%3A/www.salesforce.com/se/blog/2021/07/https%3A/allabout-casino.com/feed/ HTTP/1.1" 404 7437 "-" "Mozilla/5.0 (Windows NT 10.0; Win64; x64) AppleWebKit/537.36 (KHTML, like Gecko) Chrome/116.0.0.0 Safari/537.36"
154.28.229.2 - - [07/Aug/2025:17:06:23 -0400] "GET /https%3A/www.salesforce.com/se/blog/2021/07/https%3A/allabout-casino.com/wp-includes/css/dist/block-library/style.min.css%3Fver%3D6.3.6 HTTP/1.1" 404 7437 "-" "Mozilla/5.0 (Windows NT 10.0; Win64; x64) AppleWebKit/537.36 (KHTML, like Gecko) Chrome/116.0.0.0 Safari/537.36"
107.172.195.96 - - [07/Aug/2025:17:06:23 -0400] "GET /https%3A/allabout-casino.com/http%3A/gmpg.org/xfn/11 HTTP/1.1" 404 7437 "-" "Mozilla/5.0 (Macintosh; Intel Mac OS X 10_15_7) AppleWebKit/537.36 (KHTML, like Gecko) Chrome/117.0.0.0 Safari/537.36"
154.28.229.2 - - [07/Aug/2025:17:06:23 -0400] "GET /https%3A/allabout-casino.com/wp-content/plugins/easy-custom-auto-excerpt/assets/https%3A/allabout-casino.com/casino-online-i-sverige-eller-utomlands/ HTTP/1.1" 404 7437 "-" "Mozilla/5.0 (Windows NT 10.0; Win64; x64) AppleWebKit/537.36 (KHTML, like Gecko) Chrome/116.0.0.0 Safari/537.36"
107.172.195.96 - - [07/Aug/2025:17:06:23 -0400] "GET /https%3A/allabout-casino.com/https%3A/allabout-casino.com/wp-includes/css/dist/block-library/style.min.css%3Fver%3D6.3.6 HTTP/1.1" 404 7482 "-" "Mozilla/5.0 (Macintosh; Intel Mac OS X 10_15_7) AppleWebKit/537.36 (KHTML, like Gecko) Chrome/117.0.0.0 Safari/537.36"
154.28.229.2 - - [07/Aug/2025:17:06:23 -0400] "GET /https%3A/www.salesforce.com/se/blog/2021/07/https%3A/allabout-casino.com/wp-content/themes/hestia/assets/css/font-sizes.min.css%3Fver%3D3.3.1 HTTP/1.1" 404 7450 "-" "Mozilla/5.0 (Windows NT 10.0; Win64; x64) AppleWebKit/537.36 (KHTML, like Gecko) Chrome/116.0.0.0 Safari/537.36"
107.172.195.96 - - [07/Aug/2025:17:06:24 -0400] "GET /https%3A/allabout-casino.com/https%3A/fonts.googleapis.com/css%3Ffamily%3DRoboto%3A300%2C400%2C500%2C700%7CRoboto%2BSlab%3A400%2C700%26subset%3Dlatin%2Clatin-ext%26ver%3D3.3.1 HTTP/1.1" 404 7437 "-" "Mozilla/5.0 (Macintosh; Intel Mac OS X 10_15_7) AppleWebKit/537.36 (KHTML, like Gecko) Chrome/117.0.0.0 Safari/537.36"
154.28.229.2 - - [07/Aug/2025:17:06:24 -0400] "GET /https%3A/www.salesforce.com/se/blog/2021/07/http%3A/gmpg.org/xfn/11 HTTP/1.1" 404 7437 "-" "Mozilla/5.0 (Windows NT 10.0; Win64; x64) AppleWebKit/537.36 (KHTML, like Gecko) Chrome/116.0.0.0 Safari/537.36"
107.172.195.96 - - [07/Aug/2025:17:06:24 -0400] "GET /https%3A/allabout-casino.com/https%3A/allabout-casino.com/wp-content/themes/hestia/style.min.css%3Fver%3D3.3.1 HTTP/1.1" 404 7437 "-" "Mozilla/5.0 (Macintosh; Intel Mac OS X 10_15_7) AppleWebKit/537.36 (KHTML, like Gecko) Chrome/117.0.0.0 Safari/537.36"
107.172.195.96 - - [07/Aug/2025:17:06:24 -0400] "GET /https%3A/allabout-casino.com/https%3A/allabout-casino.com/wp-content/plugins/easy-custom-auto-excerpt/assets/style-frontend.css%3Fver%3D2.5.0 HTTP/1.1" 404 7437 "-" "Mozilla/5.0 (Macintosh; Intel Mac OS X 10_15_7) AppleWebKit/537.36 (KHTML, like Gecko) Chrome/117.0.0.0 Safari/537.36"
154.28.229.2 - - [07/Aug/2025:17:06:24 -0400] "GET /https%3A/allabout-casino.com/wp-content/plugins/easy-custom-auto-excerpt/assets/https%3A/allabout-casino.com/wp-json/ HTTP/1.1" 404 7437 "-" "Mozilla/5.0 (Windows NT 10.0; Win64; x64) AppleWebKit/537.36 (KHTML, like Gecko) Chrome/116.0.0.0 Safari/537.36"
107.172.195.96 - - [07/Aug/2025:17:06:24 -0400] "GET /https%3A/allabout-casino.com/https%3A/allabout-casino.com/fordelar-med-att-anvanda-kryptovalutor-pa-casinon/ HTTP/1.1" 404 7437 "-" "Mozilla/5.0 (Macintosh; Intel Mac OS X 10_15_7) AppleWebKit/537.36 (KHTML, like Gecko) Chrome/117.0.0.0 Safari/537.36"
107.172.195.96 - - [07/Aug/2025:17:06:24 -0400] "GET /https%3A/allabout-casino.com/https%3A/allabout-casino.com/wp-content/themes/hestia/assets/css/font-sizes.min.css%3Fver%3D3.3.1 HTTP/1.1" 404 7479 "-" "Mozilla/5.0 (Macintosh; Intel Mac OS X 10_15_7) AppleWebKit/537.36 (KHTML, like Gecko) Chrome/117.0.0.0 Safari/537.36"
154.28.229.2 - - [07/Aug/2025:17:06:24 -0400] "GET /http%3A/gmpg.org/xfn/https%3A/allabout-casino.com/ HTTP/1.1" 404 7482 "-" "Mozilla/5.0 (Windows NT 10.0; Win64; x64) AppleWebKit/537.36 (KHTML, like Gecko) Chrome/116.0.0.0 Safari/537.36"
107.172.195.96 - - [07/Aug/2025:17:06:24 -0400] "GET /https%3A/allabout-casino.com/https%3A/allabout-casino.com/feed/ HTTP/1.1" 404 7437 "-" "Mozilla/5.0 (Macintosh; Intel Mac OS X 10_15_7) AppleWebKit/537.36 (KHTML, like Gecko) Chrome/117.0.0.0 Safari/537.36"
154.28.229.2 - - [07/Aug/2025:17:06:24 -0400] "GET /http%3A/gmpg.org/xfn/https%3A/allabout-casino.com/3-anledningar-till-att-overvaga-kryptovalutor-pa-casinon/ HTTP/1.1" 404 7437 "-" "Mozilla/5.0 (Windows NT 10.0; Win64; x64) AppleWebKit/537.36 (KHTML, like Gecko) Chrome/116.0.0.0 Safari/537.36"
107.172.195.96 - - [07/Aug/2025:17:06:24 -0400] "GET /https%3A/allabout-casino.com/wp-includes/css/dist/block-library/https%3A/allabout-casino.com/feed/ HTTP/1.1" 404 7482 "-" "Mozilla/5.0 (Macintosh; Intel Mac OS X 10_15_7) AppleWebKit/537.36 (KHTML, like Gecko) Chrome/117.0.0.0 Safari/537.36"
107.172.195.96 - - [07/Aug/2025:17:06:24 -0400] "GET /https%3A/allabout-casino.com/wp-includes/css/dist/block-library/https%3A/allabout-casino.com/wp-includes/css/dist/block-library/style.min.css%3Fver%3D6.3.6 HTTP/1.1" 404 7437 "-" "Mozilla/5.0 (Macintosh; Intel Mac OS X 10_15_7) AppleWebKit/537.36 (KHTML, like Gecko) Chrome/117.0.0.0 Safari/537.36"
107.172.195.96 - - [07/Aug/2025:17:06:24 -0400] "GET /https%3A/allabout-casino.com/https%3A/allabout-casino.com/wp-content/plugins/easy-custom-auto-excerpt/buttons/ecae-buttonskin-none.css%3Fver%3D2.5.0 HTTP/1.1" 404 7437 "-" "Mozilla/5.0 (Macintosh; Intel Mac OS X 10_15_7) AppleWebKit/537.36 (KHTML, like Gecko) Chrome/117.0.0.0 Safari/537.36"
154.28.229.2 - - [07/Aug/2025:17:06:24 -0400] "GET /https%3A/allabout-casino.com/wp-content/plugins/easy-custom-auto-excerpt/assets/https%3A/allabout-casino.com/ HTTP/1.1" 404 7437 "-" "Mozilla/5.0 (Windows NT 10.0; Win64; x64) AppleWebKit/537.36 (KHTML, like Gecko) Chrome/116.0.0.0 Safari/537.36"
107.172.195.96 - - [07/Aug/2025:17:06:24 -0400] "GET /http%3A/gmpg.org/xfn/https%3A/allabout-casino.com/xmlrpc.php%3Frsd HTTP/1.1" 404 7471 "-" "Mozilla/5.0 (Macintosh; Intel Mac OS X 10_15_7) AppleWebKit/537.36 (KHTML, like Gecko) Chrome/117.0.0.0 Safari/537.36"
107.172.195.96 - - [07/Aug/2025:17:06:24 -0400] "GET /https%3A/allabout-casino.com/wp-includes/css/dist/block-library/https%3A/allabout-casino.com/wp-content/themes/hestia/assets/bootstrap/css/bootstrap.min.css%3Fver%3D1.0.2 HTTP/1.1" 404 7437 "-" "Mozilla/5.0 (Macintosh; Intel Mac OS X 10_15_7) AppleWebKit/537.36 (KHTML, like Gecko) Chrome/117.0.0.0 Safari/537.36"
154.28.229.2 - - [07/Aug/2025:17:06:24 -0400] "GET /https%3A/allabout-casino.com/wp-content/plugins/easy-custom-auto-excerpt/assets/https%3A/allabout-casino.com/feed/ HTTP/1.1" 404 7437 "-" "Mozilla/5.0 (Windows NT 10.0; Win64; x64) AppleWebKit/537.36 (KHTML, like Gecko) Chrome/116.0.0.0 Safari/537.36"
107.172.195.96 - - [07/Aug/2025:17:06:24 -0400] "GET /https%3A/allabout-casino.com/https%3A/allabout-casino.com/ HTTP/1.1" 404 7437 "-" "Mozilla/5.0 (Macintosh; Intel Mac OS X 10_15_7) AppleWebKit/537.36 (KHTML, like Gecko) Chrome/117.0.0.0 Safari/537.36"
107.172.195.96 - - [07/Aug/2025:17:06:24 -0400] "GET /https%3A/allabout-casino.com/https%3A/allabout-casino.com/xmlrpc.php%3Frsd HTTP/1.1" 404 7458 "-" "Mozilla/5.0 (Macintosh; Intel Mac OS X 10_15_7) AppleWebKit/537.36 (KHTML, like Gecko) Chrome/117.0.0.0 Safari/537.36"
107.172.195.96 - - [07/Aug/2025:17:06:24 -0400] "GET /https%3A/allabout-casino.com/https%3A/allabout-casino.com/3-anledningar-till-att-overvaga-kryptovalutor-pa-casinon/ HTTP/1.1" 404 7437 "-" "Mozilla/5.0 (Macintosh; Intel Mac OS X 10_15_7) AppleWebKit/537.36 (KHTML, like Gecko) Chrome/117.0.0.0 Safari/537.36"
107.172.195.96 - - [07/Aug/2025:17:06:24 -0400] "GET /http%3A/gmpg.org/xfn/https%3A/allabout-casino.com/casino-online-i-sverige-eller-utomlands/ HTTP/1.1" 404 7437 "-" "Mozilla/5.0 (Macintosh; Intel Mac OS X 10_15_7) AppleWebKit/537.36 (KHTML, like Gecko) Chrome/117.0.0.0 Safari/537.36"
154.28.229.2 - - [07/Aug/2025:17:06:24 -0400] "GET /https%3A/allabout-casino.com/wp-content/plugins/easy-custom-auto-excerpt/assets/https%3A/allabout-casino.com/wp-content/plugins/easy-custom-auto-excerpt/assets/style-frontend.css%3Fver%3D2.5.0 HTTP/1.1" 404 7437 "-" "Mozilla/5.0 (Windows NT 10.0; Win64; x64) AppleWebKit/537.36 (KHTML, like Gecko) Chrome/116.0.0.0 Safari/537.36"
154.28.229.2 - - [07/Aug/2025:17:06:24 -0400] "GET /https%3A/allabout-casino.com/wp-content/plugins/easy-custom-auto-excerpt/assets/https%3A/allabout-casino.com/wp-content/themes/hestia/style.min.css%3Fver%3D3.3.1 HTTP/1.1" 404 7437 "-" "Mozilla/5.0 (Windows NT 10.0; Win64; x64) AppleWebKit/537.36 (KHTML, like Gecko) Chrome/116.0.0.0 Safari/537.36"
154.28.229.2 - - [07/Aug/2025:17:06:24 -0400] "GET /https%3A/allabout-casino.com/wp-content/plugins/easy-custom-auto-excerpt/assets/https%3A/allabout-casino.com/wp-content/themes/hestia/assets/bootstrap/css/bootstrap.min.css%3Fver%3D1.0.2 HTTP/1.1" 404 7444 "-" "Mozilla/5.0 (Windows NT 10.0; Win64; x64) AppleWebKit/537.36 (KHTML, like Gecko) Chrome/116.0.0.0 Safari/537.36"
107.172.195.96 - - [07/Aug/2025:17:06:24 -0400] "GET /https%3A/allabout-casino.com/https%3A/allabout-casino.com/wp-content/themes/hestia/assets/bootstrap/css/bootstrap.min.css%3Fver%3D1.0.2 HTTP/1.1" 404 7437 "-" "Mozilla/5.0 (Macintosh; Intel Mac OS X 10_15_7) AppleWebKit/537.36 (KHTML, like Gecko) Chrome/117.0.0.0 Safari/537.36"
107.172.195.96 - - [07/Aug/2025:17:06:24 -0400] "GET /https%3A/allabout-casino.com/wp-includes/css/dist/block-library/https%3A/allabout-casino.com/wp-content/themes/hestia/assets/css/font-sizes.min.css%3Fver%3D3.3.1 HTTP/1.1" 404 7437 "-" "Mozilla/5.0 (Macintosh; Intel Mac OS X 10_15_7) AppleWebKit/537.36 (KHTML, like Gecko) Chrome/117.0.0.0 Safari/537.36"
107.172.195.96 - - [07/Aug/2025:17:06:24 -0400] "GET /http%3A/gmpg.org/xfn/https%3A/allabout-casino.com/fordelar-med-att-anvanda-kryptovalutor-pa-casinon/ HTTP/1.1" 404 7437 "-" "Mozilla/5.0 (Macintosh; Intel Mac OS X 10_15_7) AppleWebKit/537.36 (KHTML, like Gecko) Chrome/117.0.0.0 Safari/537.36"
107.172.195.96 - - [07/Aug/2025:17:06:24 -0400] "GET /https%3A/allabout-casino.com/https%3A/allabout-casino.com/wp-json/ HTTP/1.1" 404 7437 "-" "Mozilla/5.0 (Macintosh; Intel Mac OS X 10_15_7) AppleWebKit/537.36 (KHTML, like Gecko) Chrome/117.0.0.0 Safari/537.36"
107.172.195.96 - - [07/Aug/2025:17:06:24 -0400] "GET /https%3A/allabout-casino.com/wp-includes/css/dist/block-library/http%3A/gmpg.org/xfn/11 HTTP/1.1" 404 7437 "-" "Mozilla/5.0 (Macintosh; Intel Mac OS X 10_15_7) AppleWebKit/537.36 (KHTML, like Gecko) Chrome/117.0.0.0 Safari/537.36"
107.172.195.96 - - [07/Aug/2025:17:06:24 -0400] "GET /https%3A/allabout-casino.com/https%3A/allabout-casino.com/casino-online-i-sverige-eller-utomlands/ HTTP/1.1" 404 7437 "-" "Mozilla/5.0 (Macintosh; Intel Mac OS X 10_15_7) AppleWebKit/537.36 (KHTML, like Gecko) Chrome/117.0.0.0 Safari/537.36"
154.28.229.2 - - [07/Aug/2025:17:06:24 -0400] "GET /https%3A/allabout-casino.com/wp-content/plugins/easy-custom-auto-excerpt/assets/https%3A/allabout-casino.com/3-anledningar-till-att-overvaga-kryptovalutor-pa-casinon/ HTTP/1.1" 404 7482 "-" "Mozilla/5.0 (Windows NT 10.0; Win64; x64) AppleWebKit/537.36 (KHTML, like Gecko) Chrome/116.0.0.0 Safari/537.36"
171.244.43.14 - - [07/Aug/2025:17:23:46 -0400] "GET /robots.txt HTTP/1.1" 200 138 "-" "Mozilla/5.0 (Linux; Android 10; K) AppleWebKit/537.36 (KHTML, like Gecko) Chrome/137.0.0.0 Mobile Safari/537.36"
171.244.43.14 - - [07/Aug/2025:17:23:49 -0400] "GET / HTTP/1.1" 200 10788 "-" "Mozilla/5.0 (Linux; Android 10; K) AppleWebKit/537.36 (KHTML, like Gecko) Chrome/137.0.0.0 Mobile Safari/537.36"
3.84.178.235 - - [07/Aug/2025:20:01:54 -0400] "GET /.git/config HTTP/1.1" 403 196 "-" "Mozilla/5.0 (Linux; Android 5.1; A1601) AppleWebKit/537.36 (KHTML, like Gecko) Chrome/76.0.3809.111 Mobile Safari/537.36"
3.84.178.235 - - [07/Aug/2025:23:04:31 -0400] "GET /.git/config HTTP/1.1" 403 196 "-" "Mozilla/5.0 (Macintosh; Intel Mac OS X 10_14_4) AppleWebKit/537.36 (KHTML, like Gecko) Chrome/75.0.3770.142 Safari/537.36"
18.223.247.144 - - [08/Aug/2025:01:57:24 -0400] "GET /.git/config HTTP/1.1" 403 196 "-" "Mozilla/5.0 (X11; Linux x86_64) AppleWebKit/537.36 (KHTML, like Gecko) Ubuntu Chromium/76.0.3809.100 Chrome/76.0.3809.100 Safari/537.36"
3.140.182.19 - - [08/Aug/2025:03:14:07 -0400] "GET / HTTP/1.1" 200 10816 "-" "Mozilla/5.0 zgrab/0.x"
198.55.98.211 - - [08/Aug/2025:04:26:26 -0400] "GET /.git/config HTTP/1.1" 403 196 "-" "Mozilla/5.0 (Linux; Android 8.0.0; LG-H873) AppleWebKit/537.36 (KHTML, like Gecko) Chrome/76.0.3809.111 Mobile Safari/537.36"
213.152.176.252 - - [08/Aug/2025:04:27:03 -0400] "GET /.env HTTP/1.1" 403 199 "-" "Go-http-client/1.1"
213.152.176.252 - - [08/Aug/2025:04:27:03 -0400] "GET /.git/HEAD HTTP/1.1" 403 169 "-" "Go-http-client/1.1"
213.152.176.252 - - [08/Aug/2025:04:27:03 -0400] "GET /etc/ssl/private/server.key HTTP/1.1" 403 199 "-" "Go-http-client/1.1"
213.152.176.252 - - [08/Aug/2025:04:27:03 -0400] "GET /wp-config.php HTTP/1.1" 403 199 "-" "Go-http-client/1.1"
213.152.176.252 - - [08/Aug/2025:04:27:03 -0400] "GET /dump.sql HTTP/1.1" 403 199 "-" "Go-http-client/1.1"
213.152.176.252 - - [08/Aug/2025:04:27:03 -0400] "GET /database.sql HTTP/1.1" 403 199 "-" "Go-http-client/1.1"
213.152.176.252 - - [08/Aug/2025:04:27:03 -0400] "GET /database_backup.sql HTTP/1.1" 403 199 "-" "Go-http-client/1.1"
213.152.176.252 - - [08/Aug/2025:04:27:03 -0400] "GET /_vti_pvt/service.pwd HTTP/1.1" 403 199 "-" "Go-http-client/1.1"
213.152.176.252 - - [08/Aug/2025:04:27:03 -0400] "GET /web.config HTTP/1.1" 403 199 "-" "Go-http-client/1.1"
213.152.176.252 - - [08/Aug/2025:04:27:03 -0400] "GET /.env.production HTTP/1.1" 403 199 "-" "Go-http-client/1.1"
213.152.176.252 - - [08/Aug/2025:04:27:03 -0400] "GET /server.key HTTP/1.1" 403 199 "-" "Go-http-client/1.1"
213.152.176.252 - - [08/Aug/2025:04:27:03 -0400] "GET /api/.env HTTP/1.1" 403 199 "-" "Go-http-client/1.1"
213.152.176.252 - - [08/Aug/2025:04:27:03 -0400] "GET /.svn/wc.db HTTP/1.1" 403 169 "-" "Go-http-client/1.1"
213.152.176.252 - - [08/Aug/2025:04:27:03 -0400] "GET /backup.sql HTTP/1.1" 403 199 "-" "Go-http-client/1.1"
213.152.176.252 - - [08/Aug/2025:04:27:03 -0400] "GET /server-status HTTP/1.1" 403 199 "-" "Go-http-client/1.1"
213.152.176.252 - - [08/Aug/2025:04:27:05 -0400] "GET /wp-admin/setup-config.php HTTP/1.1" 409 2773 "-" "Go-http-client/1.1"
213.152.176.252 - - [08/Aug/2025:04:27:05 -0400] "GET /backup.tar.gz HTTP/1.1" 404 7363 "-" "Go-http-client/1.1"
213.152.176.252 - - [08/Aug/2025:04:27:05 -0400] "GET /phpinfo.php HTTP/1.1" 404 7363 "-" "Go-http-client/1.1"
213.152.176.252 - - [08/Aug/2025:04:27:05 -0400] "GET /config.yml HTTP/1.1" 404 7363 "-" "Go-http-client/1.1"
213.152.176.252 - - [08/Aug/2025:04:27:05 -0400] "GET /.ssh/id_ecdsa HTTP/1.1" 404 7409 "-" "Go-http-client/1.1"
213.152.176.252 - - [08/Aug/2025:04:27:05 -0400] "GET /docker-compose.yml HTTP/1.1" 404 7363 "-" "Go-http-client/1.1"
213.152.176.252 - - [08/Aug/2025:04:27:05 -0400] "GET /backup.zip HTTP/1.1" 404 7363 "-" "Go-http-client/1.1"
213.152.176.252 - - [08/Aug/2025:04:27:05 -0400] "GET /config.json HTTP/1.1" 404 7363 "-" "Go-http-client/1.1"
213.152.176.252 - - [08/Aug/2025:04:27:05 -0400] "GET /config.yaml HTTP/1.1" 404 7409 "-" "Go-http-client/1.1"
213.152.176.252 - - [08/Aug/2025:04:27:06 -0400] "GET /.aws/credentials HTTP/1.1" 404 7363 "-" "Go-http-client/1.1"
213.152.176.252 - - [08/Aug/2025:04:27:06 -0400] "GET /feed HTTP/1.1" 301 5 "-" "Go-http-client/1.1"
213.152.176.252 - - [08/Aug/2025:04:27:06 -0400] "GET /config/production.json HTTP/1.1" 404 7363 "-" "Go-http-client/1.1"
213.152.176.252 - - [08/Aug/2025:04:27:06 -0400] "GET /db/schema.rb HTTP/1.1" 404 7363 "-" "Go-http-client/1.1"
213.152.176.252 - - [08/Aug/2025:04:27:06 -0400] "GET /.ssh/id_ed25519 HTTP/1.1" 404 7409 "-" "Go-http-client/1.1"
213.152.176.252 - - [08/Aug/2025:04:27:06 -0400] "GET / HTTP/1.1" 200 10730 "-" "Go-http-client/1.1"
213.152.176.252 - - [08/Aug/2025:04:27:06 -0400] "GET /.vscode/sftp.json HTTP/1.1" 404 7363 "-" "Go-http-client/1.1"
213.152.176.252 - - [08/Aug/2025:04:27:06 -0400] "GET /settings.py HTTP/1.1" 404 7363 "-" "Go-http-client/1.1"
213.152.176.252 - - [08/Aug/2025:04:27:06 -0400] "GET /cloud-config.yml HTTP/1.1" 404 7363 "-" "Go-http-client/1.1"
213.152.176.252 - - [08/Aug/2025:04:27:06 -0400] "GET /.ssh/id_rsa HTTP/1.1" 404 7363 "-" "Go-http-client/1.1"
213.152.176.252 - - [08/Aug/2025:04:27:06 -0400] "GET /user_secrets.yml HTTP/1.1" 404 7363 "-" "Go-http-client/1.1"
213.152.176.252 - - [08/Aug/2025:04:27:06 -0400] "GET /secrets.json HTTP/1.1" 404 7363 "-" "Go-http-client/1.1"
213.152.176.252 - - [08/Aug/2025:04:27:06 -0400] "GET /config.php HTTP/1.1" 404 7336 "-" "Go-http-client/1.1"
213.152.176.252 - - [08/Aug/2025:04:27:06 -0400] "GET /config.xml HTTP/1.1" 404 7363 "-" "Go-http-client/1.1"
213.232.87.230 - - [08/Aug/2025:04:27:09 -0400] "GET /feed/ HTTP/1.1" 200 12681 "https://allabout-casino.meemelink.com/feed" "Go-http-client/1.1"
198.55.98.216 - - [08/Aug/2025:04:29:02 -0400] "GET /.git/config HTTP/1.1" 403 196 "-" "Mozilla/5.0 (Windows NT 6.1; WOW64) AppleWebKit/537.36 (KHTML, like Gecko) Chrome/75.0.3770.143 YaBrowser/19.7.2.516 Yowser/2.5 Safari/537.36"
198.55.98.211 - - [08/Aug/2025:04:46:05 -0400] "GET /.git/config HTTP/1.1" 403 196 "-" "Mozilla/5.0 (Macintosh; Intel Mac OS X 10_14_6) AppleWebKit/537.36 (KHTML, like Gecko) Chrome/75.0.3770.90 Safari/537.36"
3.86.255.147 - - [08/Aug/2025:06:44:19 -0400] "GET / HTTP/1.1" 200 43975 "-" "Mozilla/5.0 (Windows NT 10.0; Win64; x64) AppleWebKit/537.36 (KHTML, like Gecko) Chrome/78.0.3904.108 Safari/537.36"
3.86.255.147 - - [08/Aug/2025:06:44:20 -0400] "GET /?author=1 HTTP/1.1" 404 31586 "-" "Mozilla/5.0 (Windows NT 10.0; Win64; x64) AppleWebKit/537.36 (KHTML, like Gecko) Chrome/78.0.3904.108 Safari/537.36"
3.86.255.147 - - [08/Aug/2025:06:44:20 -0400] "GET /?author=2 HTTP/1.1" 404 31594 "-" "Mozilla/5.0 (Windows NT 10.0; Win64; x64) AppleWebKit/537.36 (KHTML, like Gecko) Chrome/78.0.3904.108 Safari/537.36"
3.86.255.147 - - [08/Aug/2025:06:44:22 -0400] "GET /wp-json/wp/v2/users/ HTTP/1.1" 403 199 "-" "Mozilla/5.0 (Windows NT 10.0; Win64; x64) AppleWebKit/537.36 (KHTML, like Gecko) Chrome/78.0.3904.108 Safari/537.36"
3.86.255.147 - - [08/Aug/2025:06:44:22 -0400] "GET /wp-json/oembed/1.0/embed?url=http://allabout-casino.meemelink.com HTTP/1.1" 404 84 "-" "Mozilla/5.0 (Windows NT 10.0; Win64; x64) AppleWebKit/537.36 (KHTML, like Gecko) Chrome/78.0.3904.108 Safari/537.36"
3.86.255.147 - - [08/Aug/2025:06:44:22 -0400] "POST /xmlrpc.php HTTP/1.1" 200 413 "-" "Mozilla/5.0 (Windows NT 10.0; Win64; x64) AppleWebKit/537.36 (KHTML, like Gecko) Chrome/78.0.3904.108 Safari/537.36"
3.86.255.147 - - [08/Aug/2025:06:44:23 -0400] "POST /xmlrpc.php HTTP/1.1" 200 413 "-" "Mozilla/5.0 (Windows NT 10.0; Win64; x64) AppleWebKit/537.36 (KHTML, like Gecko) Chrome/78.0.3904.108 Safari/537.36"
3.86.255.147 - - [08/Aug/2025:06:44:24 -0400] "POST /xmlrpc.php HTTP/1.1" 200 413 "-" "Mozilla/5.0 (Windows NT 10.0; Win64; x64) AppleWebKit/537.36 (KHTML, like Gecko) Chrome/78.0.3904.108 Safari/537.36"
3.86.255.147 - - [08/Aug/2025:06:44:25 -0400] "POST /xmlrpc.php HTTP/1.1" 200 452 "-" "Mozilla/5.0 (Windows NT 10.0; Win64; x64) AppleWebKit/537.36 (KHTML, like Gecko) Chrome/78.0.3904.108 Safari/537.36"
3.86.255.147 - - [08/Aug/2025:06:44:25 -0400] "POST /xmlrpc.php HTTP/1.1" 200 452 "-" "Mozilla/5.0 (Windows NT 10.0; Win64; x64) AppleWebKit/537.36 (KHTML, like Gecko) Chrome/78.0.3904.108 Safari/537.36"
3.86.255.147 - - [08/Aug/2025:06:44:26 -0400] "POST /xmlrpc.php HTTP/1.1" 403 199 "-" "Mozilla/5.0 (Windows NT 10.0; Win64; x64) AppleWebKit/537.36 (KHTML, like Gecko) Chrome/78.0.3904.108 Safari/537.36"
43.156.131.109 - - [08/Aug/2025:09:21:57 -0400] "GET / HTTP/1.1" 200 10795 "-" "Mozilla/5.0 (Macintosh; Intel Mac OS X 10_15_7) AppleWebKit/605.1.15 (KHTML, like Gecko) Version/14.0 Safari/605.1.15"
35.192.124.15 - - [08/Aug/2025:13:36:52 -0400] "GET / HTTP/1.1" 200 10753 "-" "Mozilla/5.0 (compatible; CMS-Checker/1.0; +https://example.com)"
34.171.87.85 - - [08/Aug/2025:13:53:42 -0400] "GET / HTTP/1.1" 200 10753 "-" "Mozilla/5.0 (compatible; CMS-Checker/1.0; +https://example.com)"
143.198.195.92 - - [08/Aug/2025:14:15:08 -0400] "GET / HTTP/1.1" 200 43975 "http://grnh.ru/wp-signup.php?new=all-equipmet.ru/blog//wp-login.php" "Mozilla/5.0 (Windows NT 10.0; Win64; x64) AppleWebKit/537.36 (KHTML, like Gecko) Chrome/131.0.0.0 Safari/537.36"
143.198.195.92 - - [08/Aug/2025:14:15:09 -0400] "GET /xmlrpc.php?rsd HTTP/1.1" 200 840 "http://grnh.ru/wp-signup.php?new=all-equipmet.ru/blog//wp-login.php" "Mozilla/5.0 (Windows NT 10.0; Win64; x64) AppleWebKit/537.36 (KHTML, like Gecko) Chrome/131.0.0.0 Safari/537.36"
143.198.195.92 - - [08/Aug/2025:14:15:10 -0400] "GET /wp-json/wp/v2/users/ HTTP/1.1" 200 619 "http://grnh.ru/wp-signup.php?new=all-equipmet.ru/blog//wp-login.php" "Mozilla/5.0 (Windows NT 10.0; Win64; x64) AppleWebKit/537.36 (KHTML, like Gecko) Chrome/131.0.0.0 Safari/537.36"
143.198.195.92 - - [08/Aug/2025:14:15:10 -0400] "GET /?author=1 HTTP/1.1" 404 31586 "http://grnh.ru/wp-signup.php?new=all-equipmet.ru/blog//wp-login.php" "Mozilla/5.0 (Windows NT 10.0; Win64; x64) AppleWebKit/537.36 (KHTML, like Gecko) Chrome/131.0.0.0 Safari/537.36"
143.198.195.92 - - [08/Aug/2025:14:15:11 -0400] "POST /xmlrpc.php HTTP/1.1" 200 413 "-" "Mozilla/5.0 (Windows NT 10.0; Win64; x64) AppleWebKit/537.36 (KHTML, like Gecko) Chrome/131.0.0.0 Safari/537.36"
143.198.195.92 - - [08/Aug/2025:14:15:11 -0400] "POST /xmlrpc.php HTTP/1.1" 200 413 "-" "Mozilla/5.0 (Windows NT 10.0; Win64; x64) AppleWebKit/537.36 (KHTML, like Gecko) Chrome/131.0.0.0 Safari/537.36"
143.198.195.92 - - [08/Aug/2025:14:15:12 -0400] "POST /xmlrpc.php HTTP/1.1" 200 413 "-" "Mozilla/5.0 (Windows NT 10.0; Win64; x64) AppleWebKit/537.36 (KHTML, like Gecko) Chrome/131.0.0.0 Safari/537.36"
143.198.195.92 - - [08/Aug/2025:14:15:13 -0400] "POST /xmlrpc.php HTTP/1.1" 200 452 "-" "Mozilla/5.0 (Windows NT 10.0; Win64; x64) AppleWebKit/537.36 (KHTML, like Gecko) Chrome/131.0.0.0 Safari/537.36"
143.198.195.92 - - [08/Aug/2025:14:15:13 -0400] "POST /xmlrpc.php HTTP/1.1" 200 452 "-" "Mozilla/5.0 (Windows NT 10.0; Win64; x64) AppleWebKit/537.36 (KHTML, like Gecko) Chrome/131.0.0.0 Safari/537.36"
143.198.195.92 - - [08/Aug/2025:14:15:13 -0400] "POST /xmlrpc.php HTTP/1.1" 403 199 "-" "Mozilla/5.0 (Windows NT 10.0; Win64; x64) AppleWebKit/537.36 (KHTML, like Gecko) Chrome/131.0.0.0 Safari/537.36"
143.198.195.92 - - [08/Aug/2025:14:15:14 -0400] "POST /wp-login.php HTTP/1.1" 302 5 "allabout-casino.meemelink.com/wp-login.php" "Mozilla/5.0 (Windows NT 10.0; Win64; x64) AppleWebKit/537.36 (KHTML, like Gecko) Chrome/131.0.0.0 Safari/537.36"
143.198.195.92 - - [08/Aug/2025:14:15:15 -0400] "POST /wp-login.php HTTP/1.1" 302 5 "allabout-casino.meemelink.com/wp-login.php" "Mozilla/5.0 (Windows NT 10.0; Win64; x64) AppleWebKit/537.36 (KHTML, like Gecko) Chrome/131.0.0.0 Safari/537.36"
143.198.195.92 - - [08/Aug/2025:14:15:17 -0400] "POST /wp-login.php HTTP/1.1" 302 5 "allabout-casino.meemelink.com/wp-login.php" "Mozilla/5.0 (Windows NT 10.0; Win64; x64) AppleWebKit/537.36 (KHTML, like Gecko) Chrome/131.0.0.0 Safari/537.36"
143.198.195.92 - - [08/Aug/2025:14:15:18 -0400] "POST /wp-login.php HTTP/1.1" 302 5 "allabout-casino.meemelink.com/wp-login.php" "Mozilla/5.0 (Windows NT 10.0; Win64; x64) AppleWebKit/537.36 (KHTML, like Gecko) Chrome/131.0.0.0 Safari/537.36"
